{"id":3107,"date":"2018-06-05T07:17:10","date_gmt":"2018-06-05T07:17:10","guid":{"rendered":"http:\/\/www.ise.ait.ac.th\/?page_id=3107"},"modified":"2024-04-02T13:20:54","modified_gmt":"2024-04-02T06:20:54","slug":"internet-of-things","status":"publish","type":"page","link":"https:\/\/ise.ait.ac.th\/?page_id=3107","title":{"rendered":"Internet of Things Research Group"},"content":{"rendered":"\t\t<div data-elementor-type=\"wp-post\" data-elementor-id=\"3107\" class=\"elementor elementor-3107\">\n\t\t\t\t\t\t<section class=\"elementor-section elementor-top-section elementor-element elementor-element-d556f90 elementor-section-stretched elementor-section-boxed elementor-section-height-default elementor-section-height-default\" data-id=\"d556f90\" data-element_type=\"section\" data-settings=\"{&quot;stretch_section&quot;:&quot;section-stretched&quot;}\">\n\t\t\t\t\t\t<div class=\"elementor-container elementor-column-gap-default\">\n\t\t\t\t\t<div class=\"elementor-column elementor-col-100 elementor-top-column elementor-element elementor-element-87b7d7b\" data-id=\"87b7d7b\" data-element_type=\"column\">\n\t\t\t<div class=\"elementor-widget-wrap elementor-element-populated\">\n\t\t\t\t\t\t<div class=\"elementor-element elementor-element-a767720 elementor-widget elementor-widget-text-editor\" data-id=\"a767720\" data-element_type=\"widget\" data-widget_type=\"text-editor.default\">\n\t\t\t\t<div class=\"elementor-widget-container\">\n\t\t\t\t\t\t\t\t\t<p>IOT is a research group under Microelectronics and Embedded Systems Field of Study, Industrial Systems Engineering Department, School of Engineering and Technology. It is under the supervision of Dr. Mongkol Ekpanyapong. This research area spans from Embedded Systems Design, FPGA Design, High Performance Computing, Computer Vision, Deep Learning, and Agritronics. IOT research group also has a close collaboration with AIT Vision Laboratory and Internet Education and Research Laboratory (InterLab).<\/p><p><span style=\"color: #3366ff;\"><strong>Current Research\u00a0<\/strong><\/span><\/p><p>IOT Design<br \/>Embedded System Design<br \/>Computer Architecture<br \/>Computer Vision<br \/>Deep Learning<\/p><p>\u00a0<strong><span style=\"color: #3366ff;\">Selected Publications<\/span><\/strong><\/p><p>C. Srichan**, M. Ekpanyapong, M. Horpratum, P. Danvirutai, E. Bohez, D. Phokharatkul, and A. Wisitsoraat, \u201cHighly-Sensitive Surface-Enhanced Raman Spectroscopy (SERS)-based Chemical Sensor using 3D Graphene Foam Decorated with Silver Nanoparticles as SERS Substrates\u201d, Scientific Reports<br \/>L. Tangjittaweechai**, M. Ekpanyapong, T. Watewai, K. Athikulwongse, S. K. Lim, and A. Tavares, \u201cParallel Single-Pair Shortest Path Algorithm Using General Purpose Computations on Graphics Processing Unit\u201d, \u00a0IEICE Electronics Express<br \/>W. Sritriratanarak***, M. Ekpanyapong, P. Chongstitvatana, \u201cApplying SVM to Data Bypass Prediction in Multi Core Last- Level Caches\u201d, IEICE Electronics Express, Nov 2015,<br \/>Waqar S. Qureshi**, Mongkol Ekpanyapong, Matthew N. Dailey, Suchet Rinsurongkawong, Anton Malenichev and Olga Krasotkina, \u201cQuickBlaze: Early Fire Detection Using a Combined Video Processing Approach\u201d, Fire Technology, May 2015<br \/>Sarayut Amornwongpeeti**, Mongkol Ekpanyapong, Nattapon Chayopitak, Jo\u00e3o L. Monteiro, J\u00falio S. Martins, Jo\u00e3o Luiz Afonso: \u201cA single chip FPGA-based solution for controlling of multi-unit PMSM motor with time-division multiplexing scheme\u201d. Microprocessors and Microsystems \u2013 Embedded Hardware Design 39(8): 621-633 (2015)<br \/>Sarayut Amornwongpeeti**, Mongkol Ekpanyapong, Nattapon Chayopitak, Joao L. Monteiro3, Julio S. Martins, and Joao L. Afonso, \u201cA Single Chip FPGA-Based Cross-Coupling Multi-Motor Drive System\u201d IEICE Electronics Express<br \/>Peera Thontirawong***, Chundong Wang, Weng-Fai Wong, Mongkol Ekpanyapong, Prabhas Chongstitvatana, \u201c3DFTL: a three-level demand-based translation strategy for flash device\u201d, IEICE Electronics Express, Feb 2015<br \/>Krit Athikulwongse, Mongkol Ekpanyapong, Sung Kyu Lim, \u201cExploiting Die-to-Die Thermal Coupling in 3-D IC Placement\u201d, IEEE Transactions on VLSI (TVLSI), Vol. 22, Issues 10, 2014.<br \/>Asim Nisar, Mongkol Ekpanyapong, Antonio Valles, and Kuppuswamy Sivakumar, \u201c45nm Core 2 Silicon Performance\u201d, Intel Technology Journal(ITJ) Vol. 12, Issues 3, pp. 157-168, 2008 http:\/\/www.intel.com\/technology\/itj\/2008\/v12i3\/1-paper\/5-processor.htm<\/p><p>Michael Healy, Mongkol Ekpanyapong, Sung Kyu Lim, Hsien-Hsin S. Lee, and Gabriel Loh, \u201cMulti-Objective Microarchitectural Floorplanning\u201d, IEEE Transactions on Computer-Aided Design of Integrated Circuits and Systems Vol. 26, No. 1, pp. 38-52, 2007<br \/>Mongkol Ekpanyapong, Jacob Minz, Thaisiri Watewai, Hsien-Hsin S. Lee, and Sung Kyu Lim, \u201cProfile-Guided Microarchitectural Floorplanning for Deep Submicron Processor Design\u201d, IEEE Transactions on Computer-Aided Design of Integrated Circuits and Systems Vol. 25, No. 7, pp. 1289-1300, 2006<\/p><p>** Doctoral student<\/p><p><br \/>Research Title:Development of vehicle speed estimation algorithm in video\u00a0 surveillance using deep Learning<\/p><p>Research Title:Dynamic Path Planning and Area Assignment for Collaborative Multi UAV in SAR Operation<\/p><p>Research Title:Lie Detection Using Micro-Facial Expressions<\/p><p>Research Title:Improve Low Bitrate Video Streaming using Deep Learning<\/p><p>Research Title:Real-Time Detection and Diagnosis of Skin Diseases using Deep Learning Techniques<\/p><p>Research Title:Deep feature selection for cloth type and color classification target on edge devices processing<\/p><p><br \/>Contact:\u00a0Dr. Mongkol Ekpanyapong, &lt;mongkol@ait.asia&gt;<\/p><p>Location:\u00a0ISE 214<\/p><p>For More Information Click on the link Below:<\/p>\t\t\t\t\t\t\t\t<\/div>\n\t\t\t\t<\/div>\n\t\t\t\t<div class=\"elementor-element elementor-element-d500254 elementor-widget elementor-widget-button\" data-id=\"d500254\" data-element_type=\"widget\" data-widget_type=\"button.default\">\n\t\t\t\t<div class=\"elementor-widget-container\">\n\t\t\t\t\t\t\t\t\t<div class=\"elementor-button-wrapper\">\n\t\t\t\t\t<a class=\"elementor-button elementor-button-link elementor-size-sm\" href=\"http:\/\/aicenter.ait.ac.th\/\">\n\t\t\t\t\t\t<span class=\"elementor-button-content-wrapper\">\n\t\t\t\t\t\t\t\t\t<span class=\"elementor-button-text\">Click here<\/span>\n\t\t\t\t\t<\/span>\n\t\t\t\t\t<\/a>\n\t\t\t\t<\/div>\n\t\t\t\t\t\t\t\t<\/div>\n\t\t\t\t<\/div>\n\t\t\t\t\t<\/div>\n\t\t<\/div>\n\t\t\t\t\t<\/div>\n\t\t<\/section>\n\t\t\t\t<section class=\"elementor-section elementor-top-section elementor-element elementor-element-082569c elementor-section-stretched elementor-section-boxed elementor-section-height-default elementor-section-height-default\" data-id=\"082569c\" data-element_type=\"section\" data-settings=\"{&quot;stretch_section&quot;:&quot;section-stretched&quot;}\">\n\t\t\t\t\t\t<div class=\"elementor-container elementor-column-gap-default\">\n\t\t\t\t\t<div class=\"elementor-column elementor-col-100 elementor-top-column elementor-element elementor-element-ead26d7\" data-id=\"ead26d7\" data-element_type=\"column\">\n\t\t\t<div class=\"elementor-widget-wrap elementor-element-populated\">\n\t\t\t\t\t\t<div class=\"elementor-element elementor-element-ba8e1d3 elementor-widget elementor-widget-video\" data-id=\"ba8e1d3\" data-element_type=\"widget\" data-settings=\"{&quot;youtube_url&quot;:&quot;https:\\\/\\\/youtu.be\\\/TwyVT21oyK0&quot;,&quot;video_type&quot;:&quot;youtube&quot;,&quot;controls&quot;:&quot;yes&quot;}\" data-widget_type=\"video.default\">\n\t\t\t\t<div class=\"elementor-widget-container\">\n\t\t\t\t\t\t\t<div class=\"elementor-wrapper elementor-open-inline\">\n\t\t\t<div class=\"elementor-video\"><\/div>\t\t<\/div>\n\t\t\t\t\t\t<\/div>\n\t\t\t\t<\/div>\n\t\t\t\t\t<\/div>\n\t\t<\/div>\n\t\t\t\t\t<\/div>\n\t\t<\/section>\n\t\t\t\t<section class=\"elementor-section elementor-top-section elementor-element elementor-element-f8c9973 elementor-section-boxed elementor-section-height-default elementor-section-height-default\" data-id=\"f8c9973\" data-element_type=\"section\">\n\t\t\t\t\t\t<div class=\"elementor-container elementor-column-gap-default\">\n\t\t\t\t\t<div class=\"elementor-column elementor-col-100 elementor-top-column elementor-element elementor-element-a14dfe2\" data-id=\"a14dfe2\" data-element_type=\"column\">\n\t\t\t<div class=\"elementor-widget-wrap\">\n\t\t\t\t\t\t\t<\/div>\n\t\t<\/div>\n\t\t\t\t\t<\/div>\n\t\t<\/section>\n\t\t\t\t<\/div>\n\t\t","protected":false},"excerpt":{"rendered":"<p>IOT is a research group under Microelectronics and Embedded Systems Field of Study, Industrial Systems Engineering Department, School of Engineering and Technology. It is under the supervision of Dr. Mongkol Ekpanyapong. This research area spans from Embedded Systems Design, FPGA Design, High Performance Computing, Computer Vision, Deep Learning, and Agritronics. [&hellip;]<\/p>\n","protected":false},"author":1,"featured_media":0,"parent":0,"menu_order":0,"comment_status":"closed","ping_status":"closed","template":"","meta":{"_monsterinsights_skip_tracking":false,"_monsterinsights_sitenote_active":false,"_monsterinsights_sitenote_note":"","_monsterinsights_sitenote_category":0,"footnotes":""},"class_list":["post-3107","page","type-page","status-publish","hentry"],"aioseo_notices":[],"_links":{"self":[{"href":"https:\/\/ise.ait.ac.th\/index.php?rest_route=\/wp\/v2\/pages\/3107","targetHints":{"allow":["GET"]}}],"collection":[{"href":"https:\/\/ise.ait.ac.th\/index.php?rest_route=\/wp\/v2\/pages"}],"about":[{"href":"https:\/\/ise.ait.ac.th\/index.php?rest_route=\/wp\/v2\/types\/page"}],"author":[{"embeddable":true,"href":"https:\/\/ise.ait.ac.th\/index.php?rest_route=\/wp\/v2\/users\/1"}],"replies":[{"embeddable":true,"href":"https:\/\/ise.ait.ac.th\/index.php?rest_route=%2Fwp%2Fv2%2Fcomments&post=3107"}],"version-history":[{"count":3,"href":"https:\/\/ise.ait.ac.th\/index.php?rest_route=\/wp\/v2\/pages\/3107\/revisions"}],"predecessor-version":[{"id":15534,"href":"https:\/\/ise.ait.ac.th\/index.php?rest_route=\/wp\/v2\/pages\/3107\/revisions\/15534"}],"wp:attachment":[{"href":"https:\/\/ise.ait.ac.th\/index.php?rest_route=%2Fwp%2Fv2%2Fmedia&parent=3107"}],"curies":[{"name":"wp","href":"https:\/\/api.w.org\/{rel}","templated":true}]}}